 61*i = -52. Calculate the remainder when 71 is divided by i.
19
Suppose -4*w = -3*i - 569, -33*w + 571 = -29*w - i. Calculate the remainder when 393 is divided by w.
107
Let m = -896 - -1020. Calculate the remainder when m is divided by 64.
60
Let s = 19 + 6. Let v = s + -16. Let z(l) = 14*l + 11. Calculate the remainder when z(4) is divided by v.
4
Let x = -75 - -102. Suppose 827 - 233 = x*k. Calculate the remainder when 65 is divided by k.
21
Suppose 0 = c + c + 4*c - 2262. Calculate the remainder when c is divided by 30.
17
Let d(m) = 2*m**2 + 23*m + 2. Let l(o) = 14*o + 44. Let s be l(-4). What is the remainder when 25 is divided by d(s)?
11
Let r(f) = -24*f**3 - 12*f**2 - 28*f - 123. What is the remainder when r(-5) is divided by 543?
2
Suppose 2*q + 72 = 4*x, -4 = -q + 3*q. Suppose 4*r - 5*z - 190 = 0, 2*z - 6057 = -3*r - 5857. Calculate the remainder when r is divided by x.
9
Calculate the remainder when 1033 is divided by ((-4)/6)/(109/(-2289))*2.
25
Let s(d) = 3*d + 8. Let j be s(6). Suppose 2*o + 118 - j = 0. Let y = -37 - o. What is the remainder when y is divided by 3?
0
Let s(a) be the second derivative of -a**4/12 + 2*a**3/3 + 2*a**2 + a. Let u be (-72)/(-9) - (-8)/(-2). Calculate the remainder when 19 is divided by s(u).
3
Calculate the remainder when ((-14)/5)/((-8)/340 + 0) is divided by 29.
3
What is the remainder when ((-24)/(-32))/(8/41696) is divided by 34?
33
Calculate the remainder when 1719 is divided by (-1 + -3)*170100/(-2800).
18
What is the remainder when (-7 + -12217)*(-11)/((-77)/(-14)) is divided by 10?
8
Suppose 0 = -18*s - 24*s + 6174. What is the remainder when 301 is divided by s?
7
Suppose 3*q + 9235 = 4*q - m, -m + 36950 = 4*q. What is the remainder when q is divided by 149?
148
Let d be -124*(4/2)/(-2). Let b = d + -67. Let x = -165 - -195. What is the remainder when b is divided by x?
27
Suppose 155*g - 1140 = 60*g. Calculate the remainder when 160 is divided by g.
4
Suppose 0 = 5*j + 4*a - 55, -4*j + 11*a = 14*a - 43. Let y(f) = 2*f**2 + 12*f - 21 + 2*f**2 - 5*f**2. Calculate the remainder when 38 is divided by y(j).
10
Suppose 65*j - 31*j - 114 = 31*j. What is the remainder when 2102 is divided by j?
12
Suppose -3*z + 3999 = 4*c, -2*c + 1247 = 2*z - 755. Calculate the remainder when c is divided by (((-78)/234)/((-2)/6))/(1/27).
24
Let s be -13 - 17/((-119)/14). Let l(z) = -10*z - 82. Calculate the remainder when 191 is divided by l(s).
23
Suppose 13 = 4*q - 3*q. What is the remainder when 3/(20/((-2960)/(-6))) is divided by q?
9
Let m(y) = -y**3 - 8*y**2 - 6*y + 11. Let u be m(-7). Let f be -3*(u/(-6))/(1/3). Suppose -f*v = -2*v - 136. Calculate the remainder when v is divided by 13.
8
Suppose -4*q + x + 440 = 2*x, x = 0. Suppose -11*n + 6*n = -q. What is the remainder when 56 is divided by n/(3 - 1) + -1?
6
Suppose -60 = 3*u - 15*u. What is the remainder when (5674/30 - u) + 2/(-15) is divided by 72?
40
Suppose 5*g + 631 = 3*y + 2360, -5*g + 2*y = -1731. Suppose -g - 103 = -6*j. What is the remainder when j is divided by 26?
23
Let h = 14 - 11. Suppose h*l + 3 = -0*l. Calculate the remainder when l/((-3 + 2)/9) is divided by 5.
4
What is the remainder when -1 - -13 - (-5695)/67 is divided by 16?
1
Let u(t) = -t**2 + t + 148. Let b = 506 - 347. Let v = b - 99. Calculate the remainder when v is divided by u(12).
12
Suppose 23*j - 83 - 170 = 0. Let c(f) = 100*f - 1. Let l be c(1). Let d = 141 - l. What is the remainder when d is divided by j?
9
Let t be 8 - 2/(-3 + 1). Let i = t + -4. Let p = 20346 - 20323. Calculate the remainder when p is divided by i.
3
Suppose -2*g = m + 2*g - 3, 2*g = 4*m - 48. What is the remainder when 273/3 + -11 - (1 + 0)*-7 is divided by m?
10
Suppose 0 = -0*i - 3*i + 687. Let w be (2 + 15/(-10))*(13 - 5). Suppose -4*z = 4*c - 0*c - 256, w*c = 5*z + i. What is the remainder when c is divided by 32?
29
Suppose -288*l - 2453893 = -3773735 - 6989534. What is the remainder when l is divided by 61?
60
Suppose 0 = 5*o - 3*p - 87, o + 2 = 5*p + 15. Suppose -11*k - 48 - o = 0. Calculate the remainder when 34 is divided by 21/(-6)*(4 + k).
6
Let v = 890 - 806. Calculate the remainder when 189 is divided by v.
21
Suppose -72 = 4*j - 568. Suppose 4*c + 7 = 23, -4*u - 3*c + 84 = 0. Calculate the remainder when j is divided by u.
16
Let x = -63 + 83. Let h(z) = 2*z**3 - 38*z**2 - 39*z - 2. Let d = 106 + -72. What is the remainder when d is divided by h(x)?
16
Let u(j) = -150*j - 160*j + 466*j + 3 - 146*j + 2*j**2 + 1. Suppose -5*p = -t + 29, -3*t + t - 2 = 0. What is the remainder when 30 is divided by u(p)?
14
Suppose 0 = -i - 5, -m - 5*i = -41 - 1. Let a = -50 + m. Calculate the remainder when 47 is divided by a.
13
Let j(f) = 31*f + 4. What is the remainder when j(4) is divided by (-678)/(-15) + 12/(-10)?
40
Let d(y) = y**3 - 2*y**2 - 82*y - 21. What is the remainder when d(11) is divided by 3?
1
Let c = -10615 + 22598. Calculate the remainder when c is divided by 107.
106
Let d = 250 - 245. Suppose -5*q = -3*q - 54. Calculate the remainder when q is divided by -2 + d + 4*(-45)/(-36).
3
What is the remainder when 1974*(4248/168 - 25) is divided by 6?
0
Let n = -46 - -26. Let w = 44 + n. Let v = -1786 + 1833. What is the remainder when v is divided by w?
23
Suppose 12*v = 3880 + 6296. What is the remainder when v is divided by 419?
10
Let g(y) = 3*y**2 + 5*y + 12. Let c be g(5). Suppose -98*d - 6650 = -c*d. Calculate the remainder when d is divided by 53.
51
Let c = 89 + -19. Let z be 30/c + (1 - 12/(-21)). Suppose 5*y = -4*n + 40, n = -z*y - 8 + 21. Calculate the remainder when 15 is divided by y.
3
Let t(m) = m**3 + 12*m**2 - 14*m - 3. Suppose -32*s - 8*s + 720 = 0. Calculate the remainder when s is divided by t(-13).
8
Suppose 3*p + 3 = 12, -3*p = -b + 2. Let o(i) = i**2 - 5*i - 9. What is the remainder when b is divided by o(7)?
1
Calculate the remainder when 106 is divided by 1/((-10)/50*(-5)/3).
1
Let y(c) = -2*c**2 - 20*c - 16. Let f be y(-9). Suppose t = -f*t + 216. What is the remainder when t is divided by 25?
22
Let o(q) = q**3 + 15*q**2 + 41*q + 222. Calculate the remainder when 329 is divided by o(-13).
5
Let j(r) = 22*r + 248. What is the remainder when 949 is divided by j(-10)?
25
What is the remainder when 1100 is divided by ((-175)/(-28))/(75/2220)?
175
Let g be (-405)/(-36)*(-1 + 9). Suppose 9*v + 18 = g. Calculate the remainder when 29 is divided by v.
5
Let s(a) = 19*a - 43. Calculate the remainder when s(6) is divided by 33.
5
Let q = 8930 - 7603. What is the remainder when q is divided by 6?
1
Let d(q) = 8*q + 97. Let k = -387 + 380. Calculate the remainder when d(k) is divided by 6.
5
Suppose 3*u - 3*k - 201 = 0, -277 = -5*u + u - 5*k. Let y = u + 295. Calculate the remainder when y is divided by 14.
13
Suppose 0 = -66*i + 64*i + 88. Let x = 310 + 51. Suppose -5*m + 74 + x = 0. Calculate the remainder when m is divided by i.
43
Let n be 4/(-13 - -5) - (-15)/(-2). Let v(t) = -16*t - 29. Let x(i) = -2*i**3 - 12*i**2 - 14*i. What is the remainder when v(n) is divided by x(-5)?
19
Suppose -5*t + 5 = 0, -z - t + 126 = -3*t. What is the remainder when z is divided by ((-2915)/(-530))/(((-44)/48)/(-11))?
62
Suppose -3*j = -5*p + 146, 15 = j + 12. Calculate the remainder when p is divided by (-8)/(-4) - 17/(-1).
12
Suppose -18422 - 42250 = -16*i. Calculate the remainder when i is divided by 33.
30
Suppose r + 7654 - 7643 = 0. Let a(w) = w**2 - 5*w. Let t be a(3). What is the remainder when 74 is divided by t*(r*(-3)/(-6) - -3)?
14
Let c = -3433 - -4679. Calculate the remainder when c is divided by 32.
30
Calculate the remainder when 2356 is divided by (15/4)/((2475/(-216))/(-55)).
16
Let k = 205 - 203. Suppose -5*r = -8*r - 3, 4*v - 134 = k*r. What is the remainder when 129 is divided by v?
30
Suppose 0 = 4*c - 2*x + 190, -2*x + 7*x = -3*c - 149. Calculate the remainder when 207 is divided by (-520)/c - (95/(-30) + 3).
9
Let g = 814 - 548. Calculate the remainder when g is divided by 24.
2
Suppose -2*m = -542 - 590. Let p = 176 + m. What is the remainder when p is divided by 31?
29
Let w(j) = 6*j + 56. Let q be w(-7). Let o(c) = 5*c**2 - 23*c + 43. What is the remainder when o(q) is divided by 16?
13
Let u(q) = q - 4. Let h(m) = m - 5. Let t(r) = -3*h(r) + 4*u(r). Wha